
17
Let s(u) = -3*u - 6*u + 7*u. Suppose 15*o + 21 + 38 = -1. Determine s(o).
8
Let b(n) = -4*n + 23 + 3*n - 1 - 43. What is b(0)?
-21
Let o(d) = d**2 + 33*d + 105. Let j be (-2)/(-24) + 3141/(-108). What is o(j)?
-11
Suppose 0 = 3*m - 3*w, -4*m + 3*w - 2*w = 6. Let k(b) = 5*b**2 - 13*b - 1. Let i(v) = -3*v**2 + 10*v + 2. Let y(o) = m*k(o) - 3*i(o). Give y(-5).
-9
Let c = -5659 - -5651. Let x(s) = s**2 + 10*s + 13. Calculate x(c).
-3
Let k be (((-84)/7)/((-280)/42))/(3/35). Let j(c) = -2*c + 38. What is j(k)?
-4
Let o(m) = -8*m - 510*m**3 - 535*m**3 + 18 + 1046*m**3 + 10*m**2. What is o(-11)?
-15
Let u(t) be the third derivative of 3*t**4/4 + 80*t**3/3 + 6115*t**2. Determine u(-9).
-2
Let a(o) = 18*o - 990. Suppose -61*g - 49*g + 2943 = -3107. What is a(g)?
0
Let j = 5471 + -5479. Let m(u) = 2*u**2 + 8*u - 8. Calculate m(j).
56
Let y = -55 + 65. Suppose -2*f + 0*f + y = 0. Suppose -5*i + f = -10*i. Let x(k) = 8*k. What is x(i)?
-8
Let m(h) = 6*h - 117. Let p(f) = 10*f**2 + 65*f - 100. Let v be p(-8). Calculate m(v).
3
Let l(u) = u + 1. Let v(q) = -2*q - 2. Let y(b) = -5*l(b) - 3*v(b). Let m = -822 + 846. Suppose 74 = 49*c - m. Calculate y(c).
3
Let f be -1*1*(3 + -8). Let x(y) = 4*y + y**2 + 9*y + 13*y - 39*y + 8*y + 7. What is x(f)?
7
Let j(d) = -14*d**2 - 7*d - 2. Let v(p) = 26*p**2 + 12*p + 1. Let f(w) = -11*j(w) - 6*v(w). What is f(5)?
-9
Let q(k) = -3*k**2 - 14*k + 19. Let o be (12/(-8))/((-153)/(-36) - 4). Give q(o).
-5
Suppose 9*p - 51 = 3*m, 0 = 3*p - 4*m - 23 - 9. Let d(c) = 2*c - 8. Calculate d(p).
0
Let s(k) = -k + 1. Let v(z) = 5*z + 102. Let q be v(-20). Suppose 0 = 4*f - 4*h - 32, 5*f + q*h = h + 34. Give s(f).
-6
Let q(c) be the second derivative of -c**5/20 - 5*c**4/12 + c**3/6 - 3*c**2/2 - 2*c - 305. Calculate q(-4).
-23
Let b(h) be the third derivative of h**6/120 + h**5/20 - h**4/24 - 3*h**3/2 + 348*h**2 + h. Determine b(-3).
-6
Let x be (-420)/(-48) - (-50)/40. Let i(h) = -9*h + 19. What is i(x)?
-71
Let k(f) = -f**3 + f + 5. Let a(b) = b**2 - 2*b + 3*b**2 - 7*b**2 + 4*b**2 - 11. Let y be a(5). Suppose 4*i = 2*i - y*i. Calculate k(i).
5
Let k(x) = 2032*x - 1041*x - 988*x - 37. Calculate k(13).
2
Suppose 11*n = 24*n + 598. Let o = n + 56. Let k(h) = -h + 10. Determine k(o).
0
Let j(v) be the third derivative of v**5/60 + v**4/2 - 2*v**3 + 11571*v**2. Give j(-12).
-12
Let s(c) = 9*c**2 + 7*c + 5. Let l(n) = 47*n**2 + 36*n + 26. Let f(p) = -4*l(p) + 21*s(p). Calculate f(4).
29
Let o(k) = 559*k - 18 + 495*k - 1055*k. Suppose 0 = 6*d + 9 + 45. What is o(d)?
-9
Let c(d) = d**2 - 4*d + 5. Let m(q) = 2*q**2 - 7*q + 9. Let t(p) = -11*c(p) + 6*m(p). Let g be ((-46)/184)/(59/(-20) + 3/1). Give t(g).
14
Let y be 5 + -3 + 32 + 1. Let o = y + -29. Suppose o*j - 2 = 34. Let w(i) = i**3 - 6*i**2 - 5. Give w(j).
-5
Let h(j) = j**3 + 6*j**2 + 14*j + 28. Let m(v) = -2*v**2 + 7*v + 4. Let n be m(-1). Determine h(n).
-17
Let v(w) be the first derivative of 47*w**2 + 365*w + 13248. What is v(-4)?
-11
Let g = 4673 - 4673. Let h(w) = -4*w + 9. Calculate h(g).
9
Suppose -157 = 8*w - 77. Let v(q) = -q + 7. Let r(u) = 4*u - 21. Let d(l) = 2*r(l) + 7*v(l). Determine d(w).
-3
Let l(n) = -n**3 + 65*n**2 - 188*n + 114. Let z be l(62). Let d(q) = -q**3 - 13*q**2 - 30*q - 1. Determine d(z).
-1
Let h(l) = -9*l**3 + l**2 - l. Let k = -285 - -321. Let q be k/28 + (-2)/7. Give h(q).
-9
Let i(s) be the first derivative of -7*s**2/2 + 38*s + 2952. What is i(5)?
3
Let g(w) = -4*w**2 + 34*w - 21. Let q be g(8). Let l(u) be the third derivative of u**6/120 + u**5/15 - 5*u**4/24 + u**3/3 + 46*u**2. Determine l(q).
2
Suppose 173 = -12*q - 151. Let n be (q/18)/((-3)/2). Let k(a) = -44*a - n + 90*a - 42*a. Determine k(3).
11
Let b(u) = -11*u**3 - 28*u**2 - 2*u - 136. Let w(l) = -6*l**3 - 14*l**2 - l - 77. Let j(y) = -4*b(y) + 7*w(y). Give j(-7).
-2
Let g(v) = v**3 - 7*v**2 - 5. Suppose -12 - 96 = -5*h + 3*k, 4*k = -4. Let w(i) = i**3 - 22*i**2 + 19*i + 49. Let o be w(h). Determine g(o).
-5
Suppose 7268 - 17300 = -912*n. Let i(z) be the third derivative of -z**6/120 + z**5/5 - 11*z**4/24 + z**3 + z**2. Calculate i(n).
6
Let c be (-6)/((-10)/2 - -3). Let o(z) = -175*z**2 + 346*z**2 - 178*z**2 - c. Give o(2).
-31
Let a(p) be the first derivative of -3*p**2/2 - 9*p + 185. Determine a(-5).
6
Let n = -4 - -5. Let q(c) = c**3 - 10*c**2 + 3. Let g(v) = v**2. Let u(o) = n*g(o) + q(o). Let w(i) = -10*i**2 + 56*i + 33. Let y be w(6). Determine u(y).
3
Let l(r) = -7 + 11*r**3 + r**2 + 13*r**3 + r - 26*r**3. Give l(-3).
53
Let h(w) = 2*w**3 + 17*w**2 + 2*w - 44. Let l be h(-8). Let i(s) = s**3 - 4*s**2 - 2*s + 9. Give i(l).
1
Let q(u) be the first derivative of -u**4/4 + u**3 + 2*u**2 - 2*u - 26. Give q(3).
10
Let f(w) = -w**3 + 40*w**2 - 41*w + 83. Suppose -304*y + 8866 = -2990. What is f(y)?
5
Let z(u) be the second derivative of u**5/20 - 7*u**4/12 + u**3 - u**2/2 - 2*u - 165. Let p be (63/27)/(1/(-6)). Let m = p - -20. Give z(m).
-1
Let z(x) be the second derivative of 14*x + 7/6*x**3 + 0*x**2 + 0. Let h(o) = -10*o - 22. Let j be h(-2). Give z(j).
-14
Let b(t) = t**3 + 9*t**2 + 7*t + 12. Let h(d) = 2*d**2 + 9*d - 16. Let j be h(-12). Let r = j - 172. Calculate b(r).
20
Let j(i) = -1 - 38*i + 15*i + 12*i + 14*i. Suppose 4*z + 5*a = 23, 0 = z - a - 2 - 6. Let n be 18/12 + z/(-2). Calculate j(n).
-7
Suppose -992 = 8*a - 1072. Let h(t) = 2 + 8*t**2 - 4*t + 4*t**2 + t**3 - a*t**2. Let z = 2 + 0. What is h(z)?
10
Let o(v) = -11225*v**2 + 1051 - 1106 + 11226*v**2 - 3*v. What is o(6)?
-37
Let a(y) = -y**3 - 15*y**2 + 14*y - 31. Let b be (-50)/(-5) - 3 - -8. Suppose 5*o + 11*x + 92 = b*x, 4*x - 12 = 0. Determine a(o).
1
Let z be (6/(-4))/(279/(-465))*8/10. Let f(q) = -21*q**2 + 3*q - 1. Calculate f(z).
-79
Let h(v) = 13*v**2 - 17*v + 26. Let l(j) be the first derivative of -8*j**3/3 + 11*j**2/2 - 17*j - 161. Let u(t) = 5*h(t) + 8*l(t). Calculate u(5).
34
Let s(l) = -33*l**3 + 224 - 848*l + 17*l**3 + 21*l**2 + 17*l**3 + 837*l. What is s(-22)?
-18
Let d(a) = 3578*a - 1 - 7217*a + 3652*a. Suppose 5*l - 4*q = 10 + 8, -20 = -5*l + 5*q. Suppose -3*m = -l*m - 1. Give d(m).
12
Suppose k - 16 = j, -5*k + 123 = 5*j + 23. Suppose -9*g - 10*g = -380. Let m = g - k. Let i(a) = 6*a + 1. Give i(m).
13
Let z(h) = 4*h + 51. Let j(i) = -i - 9. Let k(x) = 3*j(x) + z(x). What is k(-16)?
8
Let n(p) = 27*p + 51. Suppose 35*g + 23*g = -116. Give n(g).
-3
Let y(l) = -l**2 - l + 2. Let i(m) = 16*m**2 + 9*m - 18. Let u(b) = i(b) + 9*y(b). What is u(1)?
7
Let d(s) = -22*s**3 - 16*s**2 + 3*s + 78. Let g(x) = -13*x**3 - 9*x**2 + 2*x + 47. Let q(h) = -7*d(h) + 12*g(h). Give q(4).
-34
Let w(z) = 4*z**2 - 40*z - 39. Let d(m) = 53*m - 743. Let f be d(14). Calculate w(f).
5
Let x(m) = -5*m + 3. Let h = 82 + -73. Let p(r) = -12*r + 6. Let d(i) = h*x(i) - 4*p(i). Determine d(-4).
-9
Suppose -26*y + 1243 = -9*y + 1192. Let a(n) = 5*n**2 - 10. Give a(y).
35
Let c(k) = -7*k**2 + 21*k - 2. Let j(o) = 13*o**2 - 39*o + 3. Let v(x) = -11*c(x) - 6*j(x). Suppose 0 = -3*u + 3 + 3. Suppose -2 = -u*h + 4. Determine v(h).
4
Let q(w) = -w**3 + 6*w**2 - w - 7. Suppose -7 = -6*y + 5. Suppose -y*g = -r + 113, 8*r - 4*r - 290 = 5*g. Let x = g - -60. Give q(x).
-13
Let z(y) = y**2 - 9*y - 18. Suppose 57*g - 65*g + 45*g - 444 = 0. Determine z(g).
18
Let b = -515 - -509. Let y(p) = 9*p + 30. Determine y(b).
-24
Let a(n) = -18*n**3 - 2*n**2 - 8*n - 7. Let w(b) = -35*b**3 - 4*b**2 - 17*b - 15. Suppose 24*c + 0*c - 312 = 0. Let o(y) = c*a(y) - 6*w(y). Determine o(-1).
23
Let t(n) = -n**2 + 7*n - 5. Suppose -5*v = -0*v - 10. Let c be (-71)/(-4) - v/(-8). Let j = 23 - c. Determine t(j).
5
Let z = 329 - 167. Let w(u) = z + 18*u - 10*u - 169 + u**2. What is w(-11)?
26
Let z(m) = 6*m**2 + 12*m - 49. Let o(f) = -f**2 + f + 1. Let l(q) = 5*o(q) + z(q). Determine l(-19).
-6
Let b(i) = 2*i + 276 - 155 - 112 - i. Determine b(-5).
4
Let v(h) = 4*h + 6. Let c(m) = -15 - m + 0*m + 9 + 2 + m**2. Let w be c(0). What is v(w)?
-10
Let l(g) = -19*g + 0*g**2 - 469 + 235 - 2*g**2 + 243. Give l(-9).
18
Let d(t) = -3*t**2 + 23*t. Let c(i) = 7*i**2 - 54*i + 2. Let h(m) = 2*c(m) + 5*d(m). Calculate h(10).
-26
Suppose -6 - 18 = -4*h. Let w be (h/(-4))/((-9)/6). Let k(b) = 7*b**2. Calculate k(w).
7
Let g be (-2)/(-5 + (5 - 5 - -6)). Let i be (-5)/((-20)/16) - (-4)/g